ainder when 362 is divided by 73?
70
What is the remainder when 1047 is divided by 34?
27
What is the remainder when 1471 is divided by 184?
183
Calculate the remainder when 234 is divided by 17.
13
What is the remainder when 4528 is divided by 22?
18
Calculate the remainder when 253 is divided by 61.
9
Calculate the remainder when 113 is divided by 57.
56
Calculate the remainder when 294 is divided by 97.
3
What is the remainder when 53 is divided by 30?
23
Calculate the remainder when 853 is divided by 90.
43
What is the remainder when 1938 is divided by 281?
252
Calculate the remainder when 796 is divided by 123.
58
Calculate the remainder when 822 is divided by 7.
3
Calculate the remainder when 2027 is divided by 5.
2
What is the remainder when 679 is divided by 34?
33
Calculate the remainder when 159 is divided by 80.
79
Calculate the remainder when 158 is divided by 3.
2
Calculate the remainder when 131 is divided by 15.
11
What is the remainder when 469 is divided by 47?
46
What is the remainder when 249 is divided by 7?
4
What is the remainder when 2008 is divided by 10?
8
Calculate the remainder when 233 is divided by 16.
9
Calculate the remainder when 239 is divided by 205.
34
Calculate the remainder when 388 is divided by 28.
24
What is the remainder when 1761 is divided by 14?
11
What is the remainder when 195 is divided by 10?
5
Calculate the remainder when 557 is divided by 18.
17
What is the remainder when 4257 is divided by 60?
57
Calculate the remainder when 1020 is divided by 61.
44
What is the remainder when 1248 is divided by 22?
16
What is the remainder when 946 is divided by 14?
8
What is the remainder when 114 is divided by 8?
2
What is the remainder when 4314 is divided by 216?
210
Calculate the remainder when 23 is divided by 18.
5
Calculate the remainder when 441 is divided by 76.
61
Calculate the remainder when 463 is divided by 59.
50
Calculate the remainder when 2631 is divided by 1307.
17
What is the remainder when 137 is divided by 36?
29
Calculate the remainder when 138 is divided by 25.
13
Calculate the remainder when 224 is divided by 76.
72
What is the remainder when 125 is divided by 66?
59
Calculate the remainder when 114 is divided by 57.
0
What is the remainder when 397 is divided by 74?
27
What is the remainder when 366 is divided by 73?
1
What is the remainder when 314 is divided by 49?
20
Calculate the remainder when 1151 is divided by 68.
63
What is the remainder when 451 is divided by 93?
79
What is the remainder when 357 is divided by 32?
5
Calculate the remainder when 524 is divided by 17.
14
What is the remainder when 479 is divided by 29?
15
What is the remainder when 1122 is divided by 18?
6
What is the remainder when 782 is divided by 154?
12
What is the remainder when 10783 is divided by 15?
13
Calculate the remainder when 1439 is divided by 60.
59
Calculate the remainder when 99 is divided by 51.
48
Calculate the remainder when 320 is divided by 107.
106
What is the remainder when 4041 is divided by 17?
12
Calculate the remainder when 2771 is divided by 23.
11
Calculate the remainder when 253 is divided by 129.
124
What is the remainder when 453 is divided by 12?
9
Calculate the remainder when 845 is divided by 77.
75
What is the remainder when 47 is divided by 13?
8
What is the remainder when 203 is divided by 24?
11
What is the remainder when 140 is divided by 93?
47
Calculate the remainder when 19 is divided by 9.
1
Calculate the remainder when 38 is divided by 36.
2
What is the remainder when 48 is divided by 10?
8
Calculate the remainder when 1247 is divided by 25.
22
Calculate the remainder when 652 is divided by 102.
40
Calculate the remainder when 428 is divided by 141.
5
Calculate the remainder when 300 is divided by 78.
66
Calculate the remainder when 15540 is divided by 99.
96
Calculate the remainder when 272 is divided by 54.
2
Calculate the remainder when 7298 is divided by 109.
104
Calculate the remainder when 431 is divided by 92.
63
Calculate the remainder when 164 is divided by 25.
14
Calculate the remainder when 3626 is divided by 1810.
6
What is the remainder when 1397 is divided by 16?
5
Calculate the remainder when 483 is divided by 54.
51
What is the remainder when 7231 is divided by 1203?
13
What is the remainder when 205 is divided by 179?
26
What is the remainder when 155 is divided by 40?
35
Calculate the remainder when 156 is divided by 40.
36
What is the remainder when 430 is divided by 24?
22
What is the remainder when 265 is divided by 15?
10
What is the remainder when 4535 is divided by 56?
55
Calculate the remainder when 520 is divided by 19.
7
What is the remainder when 257 is divided by 248?
9
What is the remainder when 147 is divided by 53?
41
What is the remainder when 28 is divided by 17?
11
Calculate the remainder when 296 is divided by 156.
140
What is the remainder when 493 is divided by 14?
3
Calculate the remainder when 2470 is divided by 103.
101
Calculate the remainder when 758 is divided by 375.
8
Calculate the remainder when 1516 is divided by 191.
179
Calculate the remainder when 204 is divided by 1.
0
Calculate the remainder when 21 is divided by 12.
9
Calculate the remainder when 745 is divided by 94.
87
Calculate the remainder when 120 is divided by 62.
58
What is the remainder when 193 is divided by 15?
13
Calculate the remainder when 471 is divided by 206.
59
What is the remainder when 84 is divided by 27?
3
Calculate the remainder when 418 is divided by 10.
8
Calculate the remainder when 111 is divided by 24.
15
What is the remainder when 1220 is divided by 15?
5
Calculate the remainder when 590 is divided by 269.
52
What is the remainder when 37 is divided by 8?
5
Calculate the remainder when 520 is divided by 49.
30
Calculate the remainder when 20937 is divided by 374.
367
What is the remainder when 1145 is divided by 1133?
12
Calculate the remainder when 1116 is divided by 115.
81
Calculate the remainder when 231 is divided by 116.
115
Calculate the remainder when 22383 is divided by 55.
53
What is the remainder when 812 is divided by 103?
91
Calculate the remainder when 673 is divided by 15.
13
What is the remainder when 499 is divided by 62?
3
Calculate the remainder when 135 is divided by 85.
50
Calculate the remainder when 1554 is divided by 195.
189
Calculate the remainder when 120 is divided by 41.
38
What is the remainder when 28761 is divided by 9?
6
Calculate the remainder when 27 is divided by 10.
7
What is the remainder when 202 is divided by 42?
34
Calculate the remainder when 1349 is divided by 117.
62
What is the remainder when 723 is divided by 121?
118
Calculate the remainder when 509 is divided by 74.
65
Calculate the remainder when 1698 is divided by 20.
18
Calculate the remainder when 2217 is divided by 30.
27
Calculate the remainder when 93 is divided by 19.
17
Calculate the remainder when 4870 is divided by 28.
26
Calculate the remainder when 801 is divided by 166.
137
What is the remainder when 3958 is divided by 36?
34
What is the remainder when 94 is divided by 22?
6
Calculate the remainder when 2416 is divided by 20.
16
What is the remainder when 80 is divided by 53?
27
What is the remainder when 2326 is divided by 12?
10
What is the remainder when 1074 is divided by 226?
170
Calculate the remainder when 101 is divided by 19.
6
Calculate the remainder when 211 is divided by 163.
48
Calculate the remainder when 223 is divided by 23.
16
Calculate the remainder when 366 is divided by 39.
15
What is the remainder when 410 is divided by 38?
30
Calculate the remainder when 70 is divided by 16.
6
Calculate the remainder when 1654 is divided by 22.
4
What is the remainder when 41 is divided by 34?
7
What is the remainder when 275 is divided by 48?
35
Calculate the remainder when 629 is divided by 70.
69
What is the remainder when 865 is divided by 28?
25
Calculate the remainder when 118 is divided by 8.
6
Calculate the remainder when 1300 is divided by 21.
19
What is the remainder when 11 is divided by 3?
2
What is the remainder when 98 is divided by 16?
2
What is the remainder when 944 is divided by 9?
8
Calculate the remainder when 82 is divided by 41.
0
What is the remainder when 113 is divided by 58?
55
What is 